(0 - (-114)/8)*((-16)/(-3))/4. Let r(t) = -3*t - 37. Calculate r(o).
-94
Let r be 2*(159/(-6) - (3 - 2)). Let q = -40 - r. Let w be ((-12)/q)/((-8)/20). Let o(z) = z**2 - 3*z + 2. Give o(w).
0
Let v(m) be the third derivative of m**8/6720 + m**7/840 - m**5/20 + m**4/12 - 35*m**3/2 + 146*m**2. Let c(r) be the second derivative of v(r). Determine c(0).
-6
Suppose 5*s = 4*s - 5. Let h(m) = m**2 + 23*m + 60. Let t be h(-20). Let r(j) = 6*j**2 + 6 - 3*j**2 - 5*j**2 + 4*j**2 + t + 7*j. Give r(s).
21
Let h = -122 + 122. Suppose 4 = 5*r - 2*j, h = -0*r - r + 3*j - 7. Let b(k) = -3*k**3 - k**2 - k - 214 + 216 + r*k**3. Determine b(0).
2
Let x = -43 - -33. Let t be (x/(-4) - (12 + -10))*56. Suppose 0 = 10*m - 2 - t. Let l(g) = -g**3 + 4*g**2 - 4*g + 3. Calculate l(m).
0
Let k(f) be the second derivative of -13*f**3/6 - f**2/2 + 7*f + 5. Suppose 5 = 5*m - 2*g, 4*m + 23 = m - 4*g. Determine k(m).
12
Let g(z) = -z**3 + 8*z**2 - 7*z - 2. Let v be (5 + -2)/(0 + -1). Let s be -3 - (v + 3 + -4). Let q be 7 + (3 + s - 4). Determine g(q).
-2
Let q(v) = v**3 - 6*v**2 + 4*v + 6. Let d be (-32)/(-10) - (-844)/1055. Calculate q(d).
-10
Let g(s) be the second derivative of 8 - 1/2*s**2 - 5*s + 1/12*s**4 + 0*s**3. Determine g(1).
0
Suppose -5 = -8*z - 13. Let a(c) be the first derivative of -c**4 + 2*c**3/3 - c - 93. Give a(z).
5
Let d = 120 - 214. Let x = d + 91. Let g(z) = 3*z - z**2 - z - 3*z. Determine g(x).
-6
Let p(r) = -r + 4. Let z be p(-1). Let l be (9 + (-130)/20)*14/z. Let c(b) = b**2 - 8*b + 9. Calculate c(l).
2
Let h(m) = -3*m**2 + 2*m + 3. Let b(i) = -13*i**2 + 8*i + 12. Let o = 162 - 153. Let r(q) = o*h(q) - 2*b(q). Determine r(4).
-5
Let f(n) = n + 3. Let j(y) = -20*y - 26. Let k(a) = 7*a + 9. Let u(v) = 5*j(v) + 14*k(v). Let c be u(0). Let b(d) = 9*d + 33. Let t be b(c). Calculate f(t).
0
Let v(a) = a**3 + 5*a**2 + 4*a + 1. Let w(r) = -2*r**3 - 8*r**2 + 8*r + 4. Let q be w(-7). Let m = q - 246. What is v(m)?
1
Let y(n) = -n**3 + 5*n**2 + 9*n - 5. Let d(g) = g**3 - 2*g**2 - 5*g + 3. Let f be d(0). Suppose 2*a + 5*u = 12, -8*a = -7*a + f*u - 6. Determine y(a).
13
Let p(l) be the third derivative of l**4/24 - 13*l**3/6 + l**2 - 1834. What is p(9)?
-4
Let m be 16 - 20 - (-108 - -1) - -1. Let l(v) = 3 - 1 - 326*v + 107*v + 109*v + m*v. Calculate l(-1).
8
Let g(j) = j**2 + j + 1. Let k be g(1). Let y be (-6)/(-3) - k - -12. Let w(l) = -14 + 7*l + y - l**2 - 5. Determine w(7).
-8
Let m(r) = -17*r - 1118. Let s be m(-65). Let o(k) = 5*k + 69. Determine o(s).
4
Let n(q) be the third derivative of -q**6/120 + q**5/15 - 7*q**4/24 + 2*q**3/3 - 599*q**2. Let o = -51 + 55. Give n(o).
-24
Let v(m) = 2*m - 21. Let s(w) = 2*w**2 + 27*w + 111. Let f be s(-8). Let n = -13 + f. What is v(n)?
-1
Let h(m) be the second derivative of m**4/12 + 7*m**3/3 + 19*m**2/2 + 935*m. Let o be (-1)/(-2) - 54/4. Determine h(o).
6
Let v = -7 - -3. Let h(p) = 9*p + 8 + 18*p - 13 - p**2 - 37*p + 9*p. What is h(v)?
-17
Let m(v) = 20*v**2 + 143*v + 5. Let g(d) = -7*d**2 - 51*d - 1. Let q(x) = 17*g(x) + 6*m(x). Calculate q(4).
-7
Let g(i) = 856 + 11*i - 847 - i**3 - 2*i - 6*i**2. Suppose 0 = 3*o - d + 26, 4*o + 1 + 12 = -3*d. What is g(o)?
-5
Suppose 0 = 11*k + 594 - 638. Let b(m) be the second derivative of 0 - 7/12*m**k + 1/20*m**5 + 4*m**2 + 1/2*m**3 - 6*m. Calculate b(6).
-10
Let b(r) be the second derivative of r**5/20 - r**4/2 - 4*r**3/3 - 3*r**2/2 + 28*r. Let f(n) = n**2 - 25*n + 121. Let o be f(6). Determine b(o).
-10
Let z = -6 + 10. Let m be (-15)/(-6)*(-320)/100. Let x(s) = -2*s**2 - 9*s + 1. Let d(j) = 5*j**2 + 25*j - 3. Let h(r) = m*x(r) - 3*d(r). Determine h(z).
5
Let w(c) = -45*c - 10. Let k(h) = 5*h + 1. Let q(x) = -55*k(x) - 6*w(x). Let f = -4172 + 4176. What is q(f)?
-15
Let g(u) = 15*u + 3*u**2 + 12*u**3 - 16*u - 6*u**2 - 121*u**3 + 2. Give g(1).
-111
Let t(h) = -47*h**2 - h**2 + h + 15*h**2 + 0*h**3 + 15*h**2 + h**3 + 10. What is t(18)?
28
Let h = -25910 + 25905. Let l(y) be the second derivative of -y**4/12 - 5*y**3/6 + y**2/2 - y. Calculate l(h).
1
Let q(c) = -6*c**3 + 2*c**2 - c. Let t(h) = -h**3 + 8*h**2 - 7*h + 8. Let l be t(7). Suppose l = -20*u + 21*u. Suppose 3*n - u*n + 5 = 0. Determine q(n).
-5
Suppose v + 26 = 3*v - 2*g, -2*v + 26 = g. Suppose i + 5*m = 27 - 12, -2*m + v = -i. Let o(y) be the first derivative of 3*y**2/2 + 7*y - 1. Give o(i).
-8
Let s(t) be the third derivative of -t**5/60 - t**4/24 + t**3 + 3102*t**2. What is s(-7)?
-36
Let n(v) = 17*v + 18. Let k(g) = 27*g + 27. Let t(p) = p**3 - 10*p**2 + 24*p + 8. Let l be t(4). Let j(d) = l*n(d) - 5*k(d). Determine j(-5).
4
Let y(i) = -72*i + 1. Let w(b) = -257*b + 131. Let s(v) = w(v) - 4*y(v). Determine s(-4).
3
Let o(b) = 162164*b - 81078*b - 81080*b - 2 + b**2. Suppose -3*f + 0*f - t - 22 = 0, 4*f - 2*t = -26. What is o(f)?
5
Let l = 11 + -7. Let k be (-32)/54*-3 + (-32)/(-144). Let n(u) = 775*u**k - 773*u**2 - 2*u + 5 + 5*u + u - u**3. Give n(l).
-11
Let q(c) be the second derivative of 0 - 107*c - 7*c**2 + 1/3*c**3. Give q(8).
2
Let y be (6/(-30))/((-124)/1240). Let d(q) = 4*q**2 - 3*q. Let m(x) = -5*x**2 + 3*x + 1. Let l(z) = -3*d(z) - 2*m(z). What is l(y)?
-4
Let q(d) be the second derivative of d**3/2 + 37*d**2/2 - 3*d + 56. Give q(-9).
10
Let d(j) = 6*j**3 + 12*j**2 + 8*j - 11. Let l = 398 - 392. Let r(h) = -5*h**3 - 11*h**2 - 8*h + 10. Let v(t) = l*d(t) + 7*r(t). What is v(6)?
-8
Suppose 10*j + 78 = 218. Let c be (-108)/180 - j/10. Let v(y) = y**3 + 2*y**2 - y. Calculate v(c).
2
Let k(w) = w**2 - 2. Let o(l) = 4*l**2 + 6*l - 3. Let b(m) = -m + 8. Let v be b(5). Let s(c) = v*k(c) - o(c). Determine s(-7).
-10
Let c(g) = 8*g - 238. Let t(i) = -6*i + 180. Let j(k) = 8*c(k) + 11*t(k). What is j(41)?
-6
Let s(n) = 13*n**2 - 15*n + 5. Let g(l) = 16*l**2 - 17*l + 3. Let b(y) = -3*g(y) + 4*s(y). What is b(8)?
195
Let c(a) = -6*a**3 - 2*a**2 - a. Let h be 4/(-10)*1*-5 + 0. Suppose 2*w - 194 = -h*i + 5*w, -4*i = 4*w - 348. Let z = -92 + i. Calculate c(z).
5
Let c(k) = k**2 + k + 21. Let o be ((-2)/(-3))/(16/3 + -6) - -1. Give c(o).
21
Suppose -5*s = -56 + 51. Let p(w) = 67*w - 68*w + s - 8. Calculate p(0).
-7
Let w(t) = -6*t**3 - 50*t**2 + 29*t + 1. Let j(z) = 2*z**3 + 25*z**2 - 14*z. Let f(g) = 5*j(g) + 2*w(g). Calculate f(12).
2
Let y(a) = -a - 51. Let s(i) = i**2 - 12*i - 180. Let o(k) = -s(k) + 3*y(k). Give o(13).
-25
Let u(w) = 3*w**2 - 102*w - 591. Let y be u(39). Let k(o) = 3*o - 1. Let i(z) = 6*z - 1. Let t(a) = -2*i(a) + 5*k(a). Determine t(y).
-21
Let z(j) = -2*j - 15. Let x = -3471 + 3450. What is z(x)?
27
Suppose -j = -5*h - 44, 2*h = j - 25 + 8. Let i(k) = -7*k - 29. What is i(j)?
-22
Let c = 12917/6 + -2152. Let o(p) be the third derivative of -14*p**2 + 0 - 1/24*p**4 + c*p**3 + 0*p. Give o(-4).
9
Let b = -281 + 318. Let u(m) = 64*m - 28*m - 3 - b*m. Determine u(0).
-3
Let r(p) = 16*p + 52. Let u(b) = 21*b + 53. Let o(m) = -5*r(m) + 4*u(m). What is o(10)?
-8
Let v(r) = -21*r - 165. Let m be v(-10). Let j be m/4 + 90/(-72). Let h(p) = -p**2 + 8*p. What is h(j)?
-20
Let b(g) = g**2 - 10*g - 21. Let s be b(11). Let o be ((-684)/(-15))/6 - (-6)/s. Let d(p) = 0 + 7*p + 2*p - o*p - 1. Calculate d(-5).
-11
Let g(h) = -h**2 + 95*h - 2004. Let o be g(63). Let f(j) = -j**3 + 6*j**2 + 74*j - 16. Determine f(o).
8
Let x(m) = -2*m**2 - 2285*m**3 + 2282*m**3 - 43*m + 16*m + 10*m + 1 + m**2 + 16*m. Let n = 1 + -2. Calculate x(n).
4
Let t(d) be the second derivative of d**4/12 + 19*d**3/6 - 17*d**2/2 + 917*d. What is t(-20)?
3
Let r(b) = 176*b - 90*b - 85*b. Suppose 7*j - 6*j + 4 = 0. Calculate r(j).
-4
Let m(x) = -x**3 - 5*x**2 + 5*x + 1. Let n(g) = 2*g**3 + 9*g**2 - 9*g - 3. Let r(c) = 5*m(c) + 2*n(c). Suppose -209 = 26*t - 1. What is r(t)?
7
Let l(x) = -2*x**3 + 53*x**2 - 76*x + 29. Let r be l(25). Suppose 0 = r*o - 2*n, 62*o = 63*o + 2*n + 5. Let p(t) = 20*t - 2. Calculate p(o).
-22
Let g(v) = v**3 - 3*v**2 - 2*v + 11. Suppose -5*s = 0, 289*s - 285*s - 6 = -2*u. Calculate g(u).
5
Let b = 64 + -31. Suppose -i - 3*x = 2*i + b, -4*x = 16. Let t(c) = -c - 10. Give t(i).
-3
Let a(q) = -1044*q - 1031*q + 18 + 2073*q. Determine a(8).
2
Let a(m) = -41*m + 206. Suppose -5*h = -10, 2*q + 3 = 4*h + 5. What is a(q)?
1
Let s(l) = -4*l**3 - l**2. Let k = 120 - 117. Suppose -p = k*i - 29 - 28, -4*i + p + 69 = 0. Su